{"id":170,"date":"2020-01-21T09:09:50","date_gmt":"2020-01-21T09:09:50","guid":{"rendered":"http:\/\/tsv-mimmenhausen.eu\/?page_id=170"},"modified":"2024-11-02T09:28:41","modified_gmt":"2024-11-02T09:28:41","slug":"ueber-uns","status":"publish","type":"page","link":"https:\/\/tsv-mimmenhausen.de\/?page_id=170","title":{"rendered":"Unser Team"},"content":{"rendered":"<h4 class=\"fonts-plugin-block \" style=\"text-align: center\">Vorstand des TSV Mimmenhausen 1899 e.V.<\/h4>\n\n\n<div style=\"height:100px\" aria-hidden=\"true\" class=\"wp-block-spacer\"><\/div>\n\n\n\n<div class=\"wp-block-media-text alignwide\" style=\"grid-template-columns:15% auto\"><figure class=\"wp-block-media-text__media\"><img loading=\"lazy\" decoding=\"async\" width=\"200\" height=\"200\" src=\"https:\/\/tsv-mimmenhausen.de\/wp-content\/uploads\/2020\/10\/schmid.jpg\" alt=\"\" class=\"wp-image-519 size-full\" srcset=\"https:\/\/tsv-mimmenhausen.de\/wp-content\/uploads\/2020\/10\/schmid.jpg 200w, https:\/\/tsv-mimmenhausen.de\/wp-content\/uploads\/2020\/10\/schmid-150x150.jpg 150w\" sizes=\"auto, (max-width: 200px) 100vw, 200px\" \/><\/figure><div class=\"wp-block-media-text__content\"><h4 class=\"fonts-plugin-block \">Thomas Schmid<\/h4>\n\n<p class=\"fonts-plugin-block \" style=\"font-family: verdana\">1.Vorsitzender<br>e-mail: vorstand@tsv-mimmenhausen.de<\/p>\n\n\n<p><\/p>\n<\/div><\/div>\n\n\n\n<div class=\"wp-block-media-text alignwide\" style=\"grid-template-columns:15% auto\"><figure class=\"wp-block-media-text__media\"><img loading=\"lazy\" decoding=\"async\" width=\"189\" height=\"244\" src=\"https:\/\/tsv-mimmenhausen.de\/wp-content\/uploads\/2020\/01\/Georg2.jpg\" alt=\"\" class=\"wp-image-11 size-full\"\/><\/figure><div class=\"wp-block-media-text__content\"><h4 class=\"fonts-plugin-block \">Georg F. Rayczyk<\/h4>\n\n<p class=\"fonts-plugin-block \" style=\"font-family: verdana\">2. Vorsitzender <br>e-mail: vorstand@tsv-mimmenhausen.de<\/p>\n\n\n<p><\/p>\n\n\n\n<p><\/p>\n<\/div><\/div>\n\n\n\n<div class=\"wp-block-media-text alignwide\" style=\"grid-template-columns:15% auto\"><figure class=\"wp-block-media-text__media\"><img loading=\"lazy\" decoding=\"async\" width=\"400\" height=\"500\" src=\"https:\/\/tsv-mimmenhausen.de\/wp-content\/uploads\/2023\/03\/b_pampel_bl_klein.jpeg\" alt=\"\" class=\"wp-image-804 size-full\" srcset=\"https:\/\/tsv-mimmenhausen.de\/wp-content\/uploads\/2023\/03\/b_pampel_bl_klein.jpeg 400w, https:\/\/tsv-mimmenhausen.de\/wp-content\/uploads\/2023\/03\/b_pampel_bl_klein-240x300.jpeg 240w, https:\/\/tsv-mimmenhausen.de\/wp-content\/uploads\/2023\/03\/b_pampel_bl_klein-120x150.jpeg 120w\" sizes=\"auto, (max-width: 400px) 100vw, 400px\" \/><\/figure><div class=\"wp-block-media-text__content\"><h4 class=\"fonts-plugin-block \">Barbara Pampel<\/h4>\n\n\n<p>Kontaktperson f\u00fcr Jugendschutz und Pr\u00e4vention<\/p>\n\n\n\n<p>e-mail: Barbara@tsv-mimmenhausen.de<\/p>\n\n\n\n<p><\/p>\n<\/div><\/div>\n\n\n\n<div class=\"wp-block-media-text alignwide\" style=\"grid-template-columns:15% auto\"><figure class=\"wp-block-media-text__media\"><img loading=\"lazy\" decoding=\"async\" width=\"785\" height=\"1024\" src=\"https:\/\/tsv-mimmenhausen.de\/wp-content\/uploads\/2023\/04\/Portrait_Viktor-Sorg-785x1024.jpg\" alt=\"\" class=\"wp-image-810 size-full\" srcset=\"https:\/\/tsv-mimmenhausen.de\/wp-content\/uploads\/2023\/04\/Portrait_Viktor-Sorg-785x1024.jpg 785w, https:\/\/tsv-mimmenhausen.de\/wp-content\/uploads\/2023\/04\/Portrait_Viktor-Sorg-230x300.jpg 230w, https:\/\/tsv-mimmenhausen.de\/wp-content\/uploads\/2023\/04\/Portrait_Viktor-Sorg-115x150.jpg 115w, https:\/\/tsv-mimmenhausen.de\/wp-content\/uploads\/2023\/04\/Portrait_Viktor-Sorg-768x1002.jpg 768w, https:\/\/tsv-mimmenhausen.de\/wp-content\/uploads\/2023\/04\/Portrait_Viktor-Sorg.jpg 997w\" sizes=\"auto, (max-width: 785px) 100vw, 785px\" \/><\/figure><div class=\"wp-block-media-text__content\"><h4 class=\"fonts-plugin-block \">Viktor Sorg<\/h4>\n\n\n<p>Kontaktperson f\u00fcr Jugendschutz und Pr\u00e4vention<\/p>\n\n\n\n<p>e-mail: Viktor@tsv-mimmenhausen.de<\/p>\n\n\n\n<p><\/p>\n<\/div><\/div>\n\n\n\n<div class=\"wp-block-media-text alignwide\" style=\"grid-template-columns:15% auto\"><figure class=\"wp-block-media-text__media\"><img loading=\"lazy\" decoding=\"async\" width=\"1024\" height=\"1024\" src=\"https:\/\/tsv-mimmenhausen.de\/wp-content\/uploads\/2020\/07\/2397532-1024x1024.jpg\" alt=\"\" class=\"wp-image-406 size-full\" srcset=\"https:\/\/tsv-mimmenhausen.de\/wp-content\/uploads\/2020\/07\/2397532-1024x1024.jpg 1024w, https:\/\/tsv-mimmenhausen.de\/wp-content\/uploads\/2020\/07\/2397532-300x300.jpg 300w, https:\/\/tsv-mimmenhausen.de\/wp-content\/uploads\/2020\/07\/2397532-150x150.jpg 150w, https:\/\/tsv-mimmenhausen.de\/wp-content\/uploads\/2020\/07\/2397532-768x768.jpg 768w, https:\/\/tsv-mimmenhausen.de\/wp-content\/uploads\/2020\/07\/2397532-1536x1536.jpg 1536w, https:\/\/tsv-mimmenhausen.de\/wp-content\/uploads\/2020\/07\/2397532-1200x1200.jpg 1200w, https:\/\/tsv-mimmenhausen.de\/wp-content\/uploads\/2020\/07\/2397532-1980x1980.jpg 1980w, https:\/\/tsv-mimmenhausen.de\/wp-content\/uploads\/2020\/07\/2397532.jpg 2000w\" sizes=\"auto, (max-width: 1024px) 100vw, 1024px\" \/><\/figure><div class=\"wp-block-media-text__content\"><h4 class=\"fonts-plugin-block \">Patrick von M\u00f6llendorff<\/h4>\n\n\n<p>Abteilungsleiter Badminton<\/p>\n<\/div><\/div>\n\n\n\n<div class=\"wp-block-media-text alignwide\" style=\"grid-template-columns:15% auto\"><figure class=\"wp-block-media-text__media\"><img loading=\"lazy\" decoding=\"async\" width=\"644\" height=\"724\" src=\"https:\/\/tsv-mimmenhausen.de\/wp-content\/uploads\/2024\/11\/Petra-Keller.jpg\" alt=\"\" class=\"wp-image-854 size-full\" srcset=\"https:\/\/tsv-mimmenhausen.de\/wp-content\/uploads\/2024\/11\/Petra-Keller.jpg 644w, https:\/\/tsv-mimmenhausen.de\/wp-content\/uploads\/2024\/11\/Petra-Keller-267x300.jpg 267w, https:\/\/tsv-mimmenhausen.de\/wp-content\/uploads\/2024\/11\/Petra-Keller-133x150.jpg 133w\" sizes=\"auto, (max-width: 644px) 100vw, 644px\" \/><\/figure><div class=\"wp-block-media-text__content\"><h4 class=\"fonts-plugin-block \">Petra Keller<\/h4>\n\n\n<p>Abteilungsleiterin Handball<\/p>\n\n\n\n<p class=\"has-small-font-size\">e-Mail: info@hsg-mm.de<\/p>\n<\/div><\/div>\n\n\n\n<div class=\"wp-block-media-text alignwide\" style=\"grid-template-columns:15% auto\"><figure class=\"wp-block-media-text__media\"><img loading=\"lazy\" decoding=\"async\" width=\"226\" height=\"301\" src=\"https:\/\/tsv-mimmenhausen.de\/wp-content\/uploads\/2020\/01\/Wenzel.jpg\" alt=\"\" class=\"wp-image-22 size-full\"\/><\/figure><div class=\"wp-block-media-text__content\"><h4 class=\"fonts-plugin-block \">Eugen Wenzel<\/h4>\n\n\n<p>Abteilungsleiter Leichtathletik<\/p>\n<\/div><\/div>\n\n\n\n<div class=\"wp-block-media-text alignwide is-image-fill\" style=\"grid-template-columns:15% auto\"><figure class=\"wp-block-media-text__media\" style=\"background-image:url(http:\/\/tsv-mimmenhausen.de\/wp-content\/uploads\/2020\/03\/Kohll\u00f6ffel.jpg);background-position:50% 50%\"><img loading=\"lazy\" decoding=\"async\" width=\"912\" height=\"912\" src=\"http:\/\/tsv-mimmenhausen.de\/wp-content\/uploads\/2020\/03\/Kohll\u00f6ffel.jpg\" alt=\"\" class=\"wp-image-314 size-full\" srcset=\"https:\/\/tsv-mimmenhausen.de\/wp-content\/uploads\/2020\/03\/Kohll\u00f6ffel.jpg 912w, https:\/\/tsv-mimmenhausen.de\/wp-content\/uploads\/2020\/03\/Kohll\u00f6ffel-300x300.jpg 300w, https:\/\/tsv-mimmenhausen.de\/wp-content\/uploads\/2020\/03\/Kohll\u00f6ffel-150x150.jpg 150w, https:\/\/tsv-mimmenhausen.de\/wp-content\/uploads\/2020\/03\/Kohll\u00f6ffel-768x768.jpg 768w\" sizes=\"auto, (max-width: 912px) 100vw, 912px\" \/><\/figure><div class=\"wp-block-media-text__content\"><h4 class=\"fonts-plugin-block \">Andreas Kohll\u00f6ffel<\/h4>\n\n<p class=\"fonts-plugin-block \">Abteilungsleiter Tischtennis<\/p><\/div><\/div>\n\n\n\n<div class=\"wp-block-media-text alignwide\" style=\"grid-template-columns:15% auto\"><figure class=\"wp-block-media-text__media\"><img loading=\"lazy\" decoding=\"async\" width=\"117\" height=\"154\" src=\"https:\/\/tsv-mimmenhausen.de\/wp-content\/uploads\/2020\/01\/Anne.jpg\" alt=\"\" class=\"wp-image-9 size-full\"\/><\/figure><div class=\"wp-block-media-text__content\"><h4 class=\"fonts-plugin-block \">Annemarie Rayczyk<\/h4>\n\n\n<p>Abteilungsleiterin Turnen<\/p>\n<\/div><\/div>\n\n\n\n<div class=\"wp-block-media-text alignwide\" style=\"grid-template-columns:15% auto\"><figure class=\"wp-block-media-text__media\"><img loading=\"lazy\" decoding=\"async\" width=\"576\" height=\"1024\" src=\"https:\/\/tsv-mimmenhausen.de\/wp-content\/uploads\/2020\/10\/Christof-576x1024.jpg\" alt=\"\" class=\"wp-image-517 size-full\" srcset=\"https:\/\/tsv-mimmenhausen.de\/wp-content\/uploads\/2020\/10\/Christof-576x1024.jpg 576w, https:\/\/tsv-mimmenhausen.de\/wp-content\/uploads\/2020\/10\/Christof-169x300.jpg 169w, https:\/\/tsv-mimmenhausen.de\/wp-content\/uploads\/2020\/10\/Christof-84x150.jpg 84w, https:\/\/tsv-mimmenhausen.de\/wp-content\/uploads\/2020\/10\/Christof-768x1365.jpg 768w, https:\/\/tsv-mimmenhausen.de\/wp-content\/uploads\/2020\/10\/Christof-864x1536.jpg 864w, https:\/\/tsv-mimmenhausen.de\/wp-content\/uploads\/2020\/10\/Christof-1152x2048.jpg 1152w, https:\/\/tsv-mimmenhausen.de\/wp-content\/uploads\/2020\/10\/Christof-1200x2133.jpg 1200w, https:\/\/tsv-mimmenhausen.de\/wp-content\/uploads\/2020\/10\/Christof-1980x3520.jpg 1980w, https:\/\/tsv-mimmenhausen.de\/wp-content\/uploads\/2020\/10\/Christof-scaled.jpg 1440w\" sizes=\"auto, (max-width: 576px) 100vw, 576px\" \/><\/figure><div class=\"wp-block-media-text__content\"><h4 class=\"fonts-plugin-block \">Christof Krau\u00dfer<\/h4>\n\n\n<p>Abteilungsleiter Volleyball<\/p>\n\n\n\n<p class=\"has-small-font-size\">e-mail: christof.krausser@tsv-mimmenhausen-volleyball.de<\/p>\n<\/div><\/div>\n\n\n\n<div class=\"wp-block-media-text alignwide\" style=\"grid-template-columns:15% auto\"><figure class=\"wp-block-media-text__media\"><img loading=\"lazy\" decoding=\"async\" width=\"600\" height=\"800\" src=\"http:\/\/tsv-mimmenhausen.de\/wp-content\/uploads\/2020\/07\/Gabriela-rotated.jpg\" alt=\"\" class=\"wp-image-410 size-full\" srcset=\"https:\/\/tsv-mimmenhausen.de\/wp-content\/uploads\/2020\/07\/Gabriela-rotated.jpg 600w, https:\/\/tsv-mimmenhausen.de\/wp-content\/uploads\/2020\/07\/Gabriela-225x300.jpg 225w, https:\/\/tsv-mimmenhausen.de\/wp-content\/uploads\/2020\/07\/Gabriela-113x150.jpg 113w\" sizes=\"auto, (max-width: 600px) 100vw, 600px\" \/><\/figure><div class=\"wp-block-media-text__content\"><h4 class=\"fonts-plugin-block \">Gabriela Lindner<\/h4>\n\n\n<p>Kasse<\/p>\n<\/div><\/div>\n\n\n\n<div class=\"wp-block-media-text alignwide\" style=\"grid-template-columns:15% auto\"><figure class=\"wp-block-media-text__media\"><img loading=\"lazy\" decoding=\"async\" width=\"1024\" height=\"909\" src=\"https:\/\/tsv-mimmenhausen.de\/wp-content\/uploads\/2020\/06\/Baustelle-1024x909.jpg\" alt=\"\" class=\"wp-image-382 size-full\"\/><\/figure><div class=\"wp-block-media-text__content\"><h4 class=\"fonts-plugin-block \">Wir suchen jemanden, der die Funktion &#8222;Schriftf\u00fchrer \/ \u00d6ffentlichkeitsarbeit&#8220; \u00fcbernehmen m\u00f6chte!<\/h4>\n\n\n<p>Schriftf\u00fchrer<\/p>\n<\/div><\/div>\n\n\n\n<div class=\"wp-block-media-text alignwide\" style=\"grid-template-columns:15% auto\"><figure class=\"wp-block-media-text__media\"><img loading=\"lazy\" decoding=\"async\" width=\"413\" height=\"531\" src=\"https:\/\/tsv-mimmenhausen.de\/wp-content\/uploads\/2020\/02\/Sasse2.jpg\" alt=\"\" class=\"wp-image-302 size-full\" srcset=\"https:\/\/tsv-mimmenhausen.de\/wp-content\/uploads\/2020\/02\/Sasse2.jpg 413w, https:\/\/tsv-mimmenhausen.de\/wp-content\/uploads\/2020\/02\/Sasse2-233x300.jpg 233w, https:\/\/tsv-mimmenhausen.de\/wp-content\/uploads\/2020\/02\/Sasse2-117x150.jpg 117w\" sizes=\"auto, (max-width: 413px) 100vw, 413px\" \/><\/figure><div class=\"wp-block-media-text__content\"><h4 class=\"fonts-plugin-block \">Franz Sasse<\/h4>\n\n\n<p>Mitgliederverwaltung<\/p>\n\n\n\n<p class=\"has-small-font-size\">e-mail: Mitgliederverwaltung@tsv-mimmenhausen.de<\/p>\n<\/div><\/div>\n\n\n\n<div style=\"height:100px\" aria-hidden=\"true\" class=\"wp-block-spacer\"><\/div>\n\n\n\n<p><\/p>\n","protected":false},"excerpt":{"rendered":"","protected":false},"author":1,"featured_media":0,"parent":0,"menu_order":0,"comment_status":"closed","ping_status":"closed","template":"templates\/template-full-width.php","meta":{"_acf_changed":false,"footnotes":""},"class_list":["post-170","page","type-page","status-publish","hentry"],"acf":[],"_links":{"self":[{"href":"https:\/\/tsv-mimmenhausen.de\/index.php?rest_route=\/wp\/v2\/pages\/170","targetHints":{"allow":["GET"]}}],"collection":[{"href":"https:\/\/tsv-mimmenhausen.de\/index.php?rest_route=\/wp\/v2\/pages"}],"about":[{"href":"https:\/\/tsv-mimmenhausen.de\/index.php?rest_route=\/wp\/v2\/types\/page"}],"author":[{"embeddable":true,"href":"https:\/\/tsv-mimmenhausen.de\/index.php?rest_route=\/wp\/v2\/users\/1"}],"replies":[{"embeddable":true,"href":"https:\/\/tsv-mimmenhausen.de\/index.php?rest_route=%2Fwp%2Fv2%2Fcomments&post=170"}],"version-history":[{"count":4,"href":"https:\/\/tsv-mimmenhausen.de\/index.php?rest_route=\/wp\/v2\/pages\/170\/revisions"}],"predecessor-version":[{"id":856,"href":"https:\/\/tsv-mimmenhausen.de\/index.php?rest_route=\/wp\/v2\/pages\/170\/revisions\/856"}],"wp:attachment":[{"href":"https:\/\/tsv-mimmenhausen.de\/index.php?rest_route=%2Fwp%2Fv2%2Fmedia&parent=170"}],"curies":[{"name":"wp","href":"https:\/\/api.w.org\/{rel}","templated":true}]}}