{"id":177,"date":"2020-01-21T09:10:40","date_gmt":"2020-01-21T09:10:40","guid":{"rendered":"http:\/\/tsv-mimmenhausen.eu\/?page_id=177"},"modified":"2021-07-28T15:52:00","modified_gmt":"2021-07-28T15:52:00","slug":"datenschutz","status":"publish","type":"page","link":"https:\/\/tsv-mimmenhausen.de\/?page_id=177","title":{"rendered":"Datenschutz"},"content":{"rendered":"\n<p><strong>Datenschutzerkl\u00e4rung<\/strong><\/p>\n\n\n\n<p>Verantwortlicher\nim Sinne der Datenschutzgesetze, insbesondere der EU-Datenschutzgrundverordnung\n(DSGVO), ist:<\/p>\n\n\n\n<p>Georg F.\nRayczyk<\/p>\n\n\n\n<p><strong>Ihre Betroffenenrechte<\/strong><\/p>\n\n\n\n<p>Unter den\nangegebenen Kontaktdaten unseres Datenschutzbeauftragten k\u00f6nnen Sie jederzeit\nfolgende Rechte aus\u00fcben:<\/p>\n\n\n\n<ul class=\"wp-block-list\"><li>Auskunft \u00fcber Ihre bei uns gespeicherten Daten und deren Verarbeitung (Art. 15 DSGVO),<\/li><li>Berichtigung unrichtiger personenbezogener Daten (Art. 16 DSGVO),<\/li><li>L\u00f6schung Ihrer bei uns gespeicherten Daten (Art. 17 DSGVO),<\/li><li>Einschr\u00e4nkung der Datenverarbeitung, sofern wir Ihre Daten aufgrund gesetzlicher Pflichten noch nicht l\u00f6schen d\u00fcrfen (Art. 18 DSGVO),<\/li><li>Widerspruch gegen die Verarbeitung Ihrer Daten bei uns (Art. 21 DSGVO) und<\/li><li>Daten\u00fcbertragbarkeit, sofern Sie in die Datenverarbeitung eingewilligt haben oder einen Vertrag mit uns abgeschlossen haben (Art. 20 DSGVO).<\/li><\/ul>\n\n\n\n<p>Sofern Sie\nuns eine Einwilligung erteilt haben, k\u00f6nnen Sie diese jederzeit mit Wirkung f\u00fcr\ndie Zukunft widerrufen.<\/p>\n\n\n\n<p>Sie k\u00f6nnen\nsich jederzeit mit einer Beschwerde an eine Aufsichtsbeh\u00f6rde wenden, z. B. an\ndie zust\u00e4ndige Aufsichtsbeh\u00f6rde des Bundeslands Ihres Wohnsitzes oder an die\nf\u00fcr uns als verantwortliche Stelle zust\u00e4ndige Beh\u00f6rde.<\/p>\n\n\n\n<p>Eine Liste\nder Aufsichtsbeh\u00f6rden (f\u00fcr den nicht\u00f6ffentlichen Bereich) mit Anschrift finden Sie\nunter: <a href=\"https:\/\/www.bfdi.bund.de\/DE\/Infothek\/Anschriften_Links\/anschriften_links-node.html\" target=\"_blank\" rel=\"noreferrer noopener\">https:\/\/www.bfdi.bund.de\/DE\/Infothek\/Anschriften_Links\/anschriften_links-node.html<\/a>.<\/p>\n\n\n\n<p><strong>Kommentarfunktion<\/strong><\/p>\n\n\n\n<p><strong>Art und Zweck der Verarbeitung:<\/strong><\/p>\n\n\n\n<p>Wenn Nutzer\nKommentare auf unserer Website hinterlassen, werden neben diesen Angaben auch\nder Zeitpunkt ihrer Erstellung und der zuvor durch den Websitebesucher gew\u00e4hlte\nNutzername gespeichert. Dies dient unserer Sicherheit, da wir f\u00fcr\nwiderrechtliche Inhalte auf unserer Webseite belangt werden k\u00f6nnen, auch wenn\ndiese durch Benutzer erstellt wurden.<\/p>\n\n\n\n<p><strong>Rechtsgrundlage:<\/strong><\/p>\n\n\n\n<p>Die\nVerarbeitung der als Kommentar eingegebenen Daten erfolgt auf der Grundlage\neines berechtigten Interesses (Art. 6 Abs. 1 lit. f DSGVO).<\/p>\n\n\n\n<p>Durch\nBereitstellung der Kommentarfunktion m\u00f6chten wir Ihnen eine unkomplizierte\nInteraktion erm\u00f6glichen. Ihre gemachten Angaben werden zum Zwecke der\nBearbeitung der Anfrage sowie f\u00fcr m\u00f6gliche Anschlussfragen gespeichert.<\/p>\n\n\n\n<p><strong>Empf\u00e4nger:<\/strong><\/p>\n\n\n\n<p>Empf\u00e4nger\nder Daten sind ggf. Auftragsverarbeiter.<\/p>\n\n\n\n<p><strong>Speicherdauer:<\/strong><\/p>\n\n\n\n<p>Die Daten\nwerden gel\u00f6scht, sobald diese f\u00fcr den Zweck der Erhebung nicht mehr\nerforderlich sind. Dies ist grunds\u00e4tzlich der Fall, wenn die Kommunikation mit\ndem Nutzer abgeschlossen ist und das Unternehmen den Umst\u00e4nden entnehmen kann,\ndass der betroffene Sachverhalt abschlie\u00dfend gekl\u00e4rt ist.<\/p>\n\n\n\n<p><strong>Bereitstellung vorgeschrieben oder erforderlich:<\/strong><\/p>\n\n\n\n<p>Die\nBereitstellung Ihrer personenbezogenen Daten erfolgt freiwillig. Ohne die\nBereitstellung Ihrer personenbezogenen Daten k\u00f6nnen wir Ihnen keinen Zugang zu\nunserer Kommentarfunktion gew\u00e4hren.<\/p>\n\n\n\n<p><strong>Kontaktformular<\/strong><\/p>\n\n\n\n<p><strong>Art und Zweck der Verarbeitung:<\/strong><\/p>\n\n\n\n<p>Die von\nIhnen eingegebenen Daten werden zum Zweck der individuellen Kommunikation mit\nIhnen gespeichert. Hierf\u00fcr ist die Angabe einer validen E-Mail-Adresse sowie\nIhres Namens erforderlich. Diese dient der Zuordnung der Anfrage und der\nanschlie\u00dfenden Beantwortung derselben. Die Angabe weiterer Daten ist optional.<\/p>\n\n\n\n<p><strong>Rechtsgrundlage:<\/strong><\/p>\n\n\n\n<p>Die\nVerarbeitung der in das Kontaktformular eingegebenen Daten erfolgt auf der\nGrundlage eines berechtigten Interesses (Art. 6 Abs. 1 lit. f DSGVO).<\/p>\n\n\n\n<p>Durch\nBereitstellung des Kontaktformulars m\u00f6chten wir Ihnen eine unkomplizierte\nKontaktaufnahme erm\u00f6glichen. Ihre gemachten Angaben werden zum Zwecke der\nBearbeitung der Anfrage sowie f\u00fcr m\u00f6gliche Anschlussfragen gespeichert.<\/p>\n\n\n\n<p>Sofern Sie\nmit uns Kontakt aufnehmen, um ein Angebot zu erfragen, erfolgt die Verarbeitung\nder in das Kontaktformular eingegebenen Daten zur Durchf\u00fchrung vorvertraglicher\nMa\u00dfnahmen (Art. 6 Abs. 1 lit. b DSGVO).<\/p>\n\n\n\n<p><strong>Empf\u00e4nger:<\/strong><\/p>\n\n\n\n<p>Empf\u00e4nger\nder Daten sind ggf. Auftragsverarbeiter.<\/p>\n\n\n\n<p><strong>Speicherdauer:<\/strong><\/p>\n\n\n\n<p>Daten werden\nsp\u00e4testens 6 Monate nach Bearbeitung der Anfrage gel\u00f6scht.<\/p>\n\n\n\n<p>Sofern es zu\neinem Vertragsverh\u00e4ltnis kommt, unterliegen wir den gesetzlichen\nAufbewahrungsfristen nach HGB und l\u00f6schen Ihre Daten nach Ablauf dieser\nFristen. <\/p>\n\n\n\n<p><strong>Bereitstellung vorgeschrieben oder erforderlich:<\/strong><\/p>\n\n\n\n<p>Die\nBereitstellung Ihrer personenbezogenen Daten erfolgt freiwillig. Wir k\u00f6nnen Ihre\nAnfrage jedoch nur bearbeiten, sofern Sie uns Ihren Namen, Ihre E-Mail-Adresse\nund den Grund der Anfrage mitteilen.<\/p>\n\n\n\n<p><strong>Verwendung von Google Maps<\/strong><\/p>\n\n\n\n<p><strong>Art und Zweck der Verarbeitung:<\/strong><\/p>\n\n\n\n<p>Auf dieser Webseite nutzen wir das Angebot von Google Maps. Google Maps wird von Google LLC, 1600 Amphitheatre Parkway, Mountain View, CA 94043, USA (nachfolgend \u201eGoogle\u201c) betrieben. Dadurch k\u00f6nnen wir Ihnen interaktive Karten direkt in der Webseite anzeigen und erm\u00f6glichen Ihnen die komfortable Nutzung der Karten-Funktion.<\/p>\n\n\n\n<p>N\u00e4here\nInformationen \u00fcber die Datenverarbeitung durch Google k\u00f6nnen Sie <a href=\"http:\/\/www.google.com\/privacypolicy.html\">den Google-Datenschutzhinweisen<\/a> entnehmen. Dort k\u00f6nnen Sie im\nDatenschutzcenter auch Ihre pers\u00f6nlichen Datenschutz-Einstellungen ver\u00e4ndern.<\/p>\n\n\n\n<p>Ausf\u00fchrliche\nAnleitungen zur Verwaltung der eigenen Daten im Zusammenhang mit\nGoogle-Produkten<a href=\"http:\/\/www.dataliberation.org\/\"> finden Sie hier<\/a>.<\/p>\n\n\n\n<p><strong>Rechtsgrundlage:<\/strong><\/p>\n\n\n\n<p>Rechtsgrundlage\nf\u00fcr die Einbindung von Google Maps und dem damit verbundenen Datentransfer zu\nGoogle ist Ihre Einwilligung (Art. 6 Abs. 1 lit. a DSGVO).<\/p>\n\n\n\n<p><strong>Empf\u00e4nger:<\/strong><\/p>\n\n\n\n<p>Durch den\nBesuch der Webseite erh\u00e4lt Google Informationen, dass Sie die entsprechende\nUnterseite unserer Webseite aufgerufen haben. Dies erfolgt unabh\u00e4ngig davon, ob\nGoogle ein Nutzerkonto bereitstellt, \u00fcber das Sie eingeloggt sind, oder ob\nkeine Nutzerkonto besteht. Wenn Sie bei Google eingeloggt sind, werden Ihre\nDaten direkt Ihrem Konto zugeordnet.<\/p>\n\n\n\n<p>Wenn Sie die\nZuordnung in Ihrem Profil bei Google nicht w\u00fcnschen, m\u00fcssen Sie sich vor\nAktivierung des Buttons bei Google ausloggen. Google speichert Ihre Daten als\nNutzungsprofile und nutzt sie f\u00fcr Zwecke der Werbung, Marktforschung und\/oder\nbedarfsgerechter Gestaltung seiner Webseite. Eine solche Auswertung erfolgt\ninsbesondere (selbst f\u00fcr nicht eingeloggte Nutzer) zur Erbringung\nbedarfsgerechter Werbung und um andere Nutzer des sozialen Netzwerks \u00fcber Ihre\nAktivit\u00e4ten auf unserer Webseite zu informieren. Ihnen steht ein\nWiderspruchsrecht zu gegen die Bildung dieser Nutzerprofile, wobei Sie sich zur\nAus\u00fcbung dessen an Google richten m\u00fcssen.<\/p>\n\n\n\n<p><strong>Speicherdauer:<\/strong><\/p>\n\n\n\n<p>Wir erheben\nkeine personenbezogenen Daten, durch die Einbindung von Google Maps.<\/p>\n\n\n\n<p><strong>Drittlandtransfer:<\/strong><\/p>\n\n\n\n<p>Google\nverarbeitet Ihre Daten in den USA und hat sich dem EU_US Privacy Shield\nunterworfen <a href=\"https:\/\/www.privacyshield.gov\/EU-US-Framework\">https:\/\/www.privacyshield.gov\/EU-US-Framework<\/a>.<\/p>\n\n\n\n<p><strong>Widerruf der Einwilligung:<\/strong><\/p>\n\n\n\n<p>Wenn Sie\nnicht m\u00f6chten, dass Google \u00fcber unseren Internetauftritt Daten \u00fcber Sie erhebt,\nverarbeitet oder nutzt, k\u00f6nnen Sie in Ihrem Browsereinstellungen JavaScript\ndeaktivieren. In diesem Fall k\u00f6nnen Sie unsere Webseite jedoch nicht oder nur\neingeschr\u00e4nkt nutzen.<\/p>\n\n\n\n<p><strong>Bereitstellung vorgeschrieben oder erforderlich:<\/strong><\/p>\n\n\n\n<p>Die\nBereitstellung Ihrer personenbezogenen Daten erfolgt freiwillig, allein auf\nBasis Ihrer Einwilligung. Sofern Sie den Zugriff unterbinden, kann es hierdurch\nzu Funktionseinschr\u00e4nkungen auf der Website kommen.<\/p>\n\n\n\n<p><strong>SSL-Verschl\u00fcsselung<\/strong><\/p>\n\n\n\n<p>Um die\nSicherheit Ihrer Daten bei der \u00dcbertragung zu sch\u00fctzen, verwenden wir dem\naktuellen Stand der Technik entsprechende Verschl\u00fcsselungsverfahren (z. B. SSL)\n\u00fcber HTTPS.<\/p>\n\n\n\n<p><strong>\u00c4nderung unserer Datenschutzbestimmungen<\/strong><\/p>\n\n\n\n<p>Wir behalten\nuns vor, diese Datenschutzerkl\u00e4rung anzupassen, damit sie stets den aktuellen\nrechtlichen Anforderungen entspricht oder um \u00c4nderungen unserer Leistungen in\nder Datenschutzerkl\u00e4rung umzusetzen, z.B. bei der Einf\u00fchrung neuer Services.\nF\u00fcr Ihren erneuten Besuch gilt dann die neue Datenschutzerkl\u00e4rung.<\/p>\n\n\n\n<p><strong>Fragen an den Datenschutzbeauftragten<\/strong><\/p>\n\n\n\n<p>Wenn Sie\nFragen zum Datenschutz haben, schreiben Sie uns bitte eine E-Mail oder wenden\nSie sich direkt an die f\u00fcr den Datenschutz verantwortliche Person in unserer\nOrganisation:<\/p>\n\n\n\n<p>Georg F.\nRayczyk<\/p>\n\n\n\n<p><em>Die\nDatenschutzerkl\u00e4rung wurde mithilfe der activeMind AG erstellt, den Experten\nf\u00fcr <\/em><a href=\"https:\/\/www.activemind.de\/datenschutz\/datenschutzhinweis-generator\/\" target=\"_blank\" rel=\"noreferrer noopener\"><em>externe\nDatenschutzbeauftragte<\/em><\/a><em> (Version #2019-04-10).<\/em><\/p>\n","protected":false},"excerpt":{"rendered":"<p>Datenschutzerkl\u00e4rung Verantwortlicher im Sinne der Datenschutzgesetze, insbesondere der EU-Datenschutzgrundverordnung (DSGVO), ist: Georg F. Rayczyk Ihre Betroffenenrechte Unter den angegebenen Kontaktdaten unseres Datenschutzbeauftragten k\u00f6nnen Sie jederzeit folgende Rechte aus\u00fcben: Auskunft \u00fcber Ihre bei uns gespeicherten Daten und deren Verarbeitung (Art. 15 DSGVO), Berichtigung unrichtiger personenbezogener Daten (Art. 16 DSGVO), L\u00f6schung Ihrer bei uns gespeicherten Daten (Art. [&hellip;]<\/p>\n","protected":false},"author":1,"featured_media":0,"parent":0,"menu_order":0,"comment_status":"closed","ping_status":"closed","template":"templates\/template-full-width.php","meta":{"_acf_changed":false,"footnotes":""},"class_list":["post-177","page","type-page","status-publish","hentry"],"acf":[],"_links":{"self":[{"href":"https:\/\/tsv-mimmenhausen.de\/index.php?rest_route=\/wp\/v2\/pages\/177","targetHints":{"allow":["GET"]}}],"collection":[{"href":"https:\/\/tsv-mimmenhausen.de\/index.php?rest_route=\/wp\/v2\/pages"}],"about":[{"href":"https:\/\/tsv-mimmenhausen.de\/index.php?rest_route=\/wp\/v2\/types\/page"}],"author":[{"embeddable":true,"href":"https:\/\/tsv-mimmenhausen.de\/index.php?rest_route=\/wp\/v2\/users\/1"}],"replies":[{"embeddable":true,"href":"https:\/\/tsv-mimmenhausen.de\/index.php?rest_route=%2Fwp%2Fv2%2Fcomments&post=177"}],"version-history":[{"count":0,"href":"https:\/\/tsv-mimmenhausen.de\/index.php?rest_route=\/wp\/v2\/pages\/177\/revisions"}],"wp:attachment":[{"href":"https:\/\/tsv-mimmenhausen.de\/index.php?rest_route=%2Fwp%2Fv2%2Fmedia&parent=177"}],"curies":[{"name":"wp","href":"https:\/\/api.w.org\/{rel}","templated":true}]}}

<p><strong>Datenschutzerklärung</strong></p>



<p>Verantwortlicher
im Sinne der Datenschutzgesetze, insbesondere der EU-Datenschutzgrundverordnung
(DSGVO), ist:</p>



<p>Georg F.
Rayczyk</p>



<p><strong>Ihre Betroffenenrechte</strong></p>



<p>Unter den
angegebenen Kontaktdaten unseres Datenschutzbeauftragten können Sie jederzeit
folgende Rechte ausüben:</p>



<ul class="wp-block-list"><li>Auskunft über Ihre bei uns gespeicherten Daten und deren Verarbeitung (Art. 15 DSGVO),</li><li>Berichtigung unrichtiger personenbezogener Daten (Art. 16 DSGVO),</li><li>Löschung Ihrer bei uns gespeicherten Daten (Art. 17 DSGVO),</li><li>Einschränkung der Datenverarbeitung, sofern wir Ihre Daten aufgrund gesetzlicher Pflichten noch nicht löschen dürfen (Art. 18 DSGVO),</li><li>Widerspruch gegen die Verarbeitung Ihrer Daten bei uns (Art. 21 DSGVO) und</li><li>Datenübertragbarkeit, sofern Sie in die Datenverarbeitung eingewilligt haben oder einen Vertrag mit uns abgeschlossen haben (Art. 20 DSGVO).</li></ul>



<p>Sofern Sie
uns eine Einwilligung erteilt haben, können Sie diese jederzeit mit Wirkung für
die Zukunft widerrufen.</p>



<p>Sie können
sich jederzeit mit einer Beschwerde an eine Aufsichtsbehörde wenden, z. B. an
die zuständige Aufsichtsbehörde des Bundeslands Ihres Wohnsitzes oder an die
für uns als verantwortliche Stelle zuständige Behörde.</p>



<p>Eine Liste
der Aufsichtsbehörden (für den nichtöffentlichen Bereich) mit Anschrift finden Sie
unter: <a href="https://www.bfdi.bund.de/DE/Infothek/Anschriften_Links/anschriften_links-node.html" target="_blank" rel="noreferrer noopener">https://www.bfdi.bund.de/DE/Infothek/Anschriften_Links/anschriften_links-node.html</a>.</p>



<p><strong>Kommentarfunktion</strong></p>



<p><strong>Art und Zweck der Verarbeitung:</strong></p>



<p>Wenn Nutzer
Kommentare auf unserer Website hinterlassen, werden neben diesen Angaben auch
der Zeitpunkt ihrer Erstellung und der zuvor durch den Websitebesucher gewählte
Nutzername gespeichert. Dies dient unserer Sicherheit, da wir für
widerrechtliche Inhalte auf unserer Webseite belangt werden können, auch wenn
diese durch Benutzer erstellt wurden.</p>



<p><strong>Rechtsgrundlage:</strong></p>



<p>Die
Verarbeitung der als Kommentar eingegebenen Daten erfolgt auf der Grundlage
eines berechtigten Interesses (Art. 6 Abs. 1 lit. f DSGVO).</p>



<p>Durch
Bereitstellung der Kommentarfunktion möchten wir Ihnen eine unkomplizierte
Interaktion ermöglichen. Ihre gemachten Angaben werden zum Zwecke der
Bearbeitung der Anfrage sowie für mögliche Anschlussfragen gespeichert.</p>



<p><strong>Empfänger:</strong></p>



<p>Empfänger
der Daten sind ggf. Auftragsverarbeiter.</p>



<p><strong>Speicherdauer:</strong></p>



<p>Die Daten
werden gelöscht, sobald diese für den Zweck der Erhebung nicht mehr
erforderlich sind. Dies ist grundsätzlich der Fall, wenn die Kommunikation mit
dem Nutzer abgeschlossen ist und das Unternehmen den Umständen entnehmen kann,
dass der betroffene Sachverhalt abschließend geklärt ist.</p>



<p><strong>Bereitstellung vorgeschrieben oder erforderlich:</strong></p>



<p>Die
Bereitstellung Ihrer personenbezogenen Daten erfolgt freiwillig. Ohne die
Bereitstellung Ihrer personenbezogenen Daten können wir Ihnen keinen Zugang zu
unserer Kommentarfunktion gewähren.</p>



<p><strong>Kontaktformular</strong></p>



<p><strong>Art und Zweck der Verarbeitung:</strong></p>



<p>Die von
Ihnen eingegebenen Daten werden zum Zweck der individuellen Kommunikation mit
Ihnen gespeichert. Hierfür ist die Angabe einer validen E-Mail-Adresse sowie
Ihres Namens erforderlich. Diese dient der Zuordnung der Anfrage und der
anschließenden Beantwortung derselben. Die Angabe weiterer Daten ist optional.</p>



<p><strong>Rechtsgrundlage:</strong></p>



<p>Die
Verarbeitung der in das Kontaktformular eingegebenen Daten erfolgt auf der
Grundlage eines berechtigten Interesses (Art. 6 Abs. 1 lit. f DSGVO).</p>



<p>Durch
Bereitstellung des Kontaktformulars möchten wir Ihnen eine unkomplizierte
Kontaktaufnahme ermöglichen. Ihre gemachten Angaben werden zum Zwecke der
Bearbeitung der Anfrage sowie für mögliche Anschlussfragen gespeichert.</p>



<p>Sofern Sie
mit uns Kontakt aufnehmen, um ein Angebot zu erfragen, erfolgt die Verarbeitung
der in das Kontaktformular eingegebenen Daten zur Durchführung vorvertraglicher
Maßnahmen (Art. 6 Abs. 1 lit. b DSGVO).</p>



<p><strong>Empfänger:</strong></p>



<p>Empfänger
der Daten sind ggf. Auftragsverarbeiter.</p>



<p><strong>Speicherdauer:</strong></p>



<p>Daten werden
spätestens 6 Monate nach Bearbeitung der Anfrage gelöscht.</p>



<p>Sofern es zu
einem Vertragsverhältnis kommt, unterliegen wir den gesetzlichen
Aufbewahrungsfristen nach HGB und löschen Ihre Daten nach Ablauf dieser
Fristen. </p>



<p><strong>Bereitstellung vorgeschrieben oder erforderlich:</strong></p>



<p>Die
Bereitstellung Ihrer personenbezogenen Daten erfolgt freiwillig. Wir können Ihre
Anfrage jedoch nur bearbeiten, sofern Sie uns Ihren Namen, Ihre E-Mail-Adresse
und den Grund der Anfrage mitteilen.</p>



<p><strong>Verwendung von Google Maps</strong></p>



<p><strong>Art und Zweck der Verarbeitung:</strong></p>



<p>Auf dieser Webseite nutzen wir das Angebot von Google Maps. Google Maps wird von Google LLC, 1600 Amphitheatre Parkway, Mountain View, CA 94043, USA (nachfolgend „Google“) betrieben. Dadurch können wir Ihnen interaktive Karten direkt in der Webseite anzeigen und ermöglichen Ihnen die komfortable Nutzung der Karten-Funktion.</p>



<p>Nähere
Informationen über die Datenverarbeitung durch Google können Sie <a href="http://www.google.com/privacypolicy.html">den Google-Datenschutzhinweisen</a> entnehmen. Dort können Sie im
Datenschutzcenter auch Ihre persönlichen Datenschutz-Einstellungen verändern.</p>



<p>Ausführliche
Anleitungen zur Verwaltung der eigenen Daten im Zusammenhang mit
Google-Produkten<a href="http://www.dataliberation.org/"> finden Sie hier</a>.</p>



<p><strong>Rechtsgrundlage:</strong></p>



<p>Rechtsgrundlage
für die Einbindung von Google Maps und dem damit verbundenen Datentransfer zu
Google ist Ihre Einwilligung (Art. 6 Abs. 1 lit. a DSGVO).</p>



<p><strong>Empfänger:</strong></p>



<p>Durch den
Besuch der Webseite erhält Google Informationen, dass Sie die entsprechende
Unterseite unserer Webseite aufgerufen haben. Dies erfolgt unabhängig davon, ob
Google ein Nutzerkonto bereitstellt, über das Sie eingeloggt sind, oder ob
keine Nutzerkonto besteht. Wenn Sie bei Google eingeloggt sind, werden Ihre
Daten direkt Ihrem Konto zugeordnet.</p>



<p>Wenn Sie die
Zuordnung in Ihrem Profil bei Google nicht wünschen, müssen Sie sich vor
Aktivierung des Buttons bei Google ausloggen. Google speichert Ihre Daten als
Nutzungsprofile und nutzt sie für Zwecke der Werbung, Marktforschung und/oder
bedarfsgerechter Gestaltung seiner Webseite. Eine solche Auswertung erfolgt
insbesondere (selbst für nicht eingeloggte Nutzer) zur Erbringung
bedarfsgerechter Werbung und um andere Nutzer des sozialen Netzwerks über Ihre
Aktivitäten auf unserer Webseite zu informieren. Ihnen steht ein
Widerspruchsrecht zu gegen die Bildung dieser Nutzerprofile, wobei Sie sich zur
Ausübung dessen an Google richten müssen.</p>



<p><strong>Speicherdauer:</strong></p>



<p>Wir erheben
keine personenbezogenen Daten, durch die Einbindung von Google Maps.</p>



<p><strong>Drittlandtransfer:</strong></p>



<p>Google
verarbeitet Ihre Daten in den USA und hat sich dem EU_US Privacy Shield
unterworfen <a href="https://www.privacyshield.gov/EU-US-Framework">https://www.privacyshield.gov/EU-US-Framework</a>.</p>



<p><strong>Widerruf der Einwilligung:</strong></p>



<p>Wenn Sie
nicht möchten, dass Google über unseren Internetauftritt Daten über Sie erhebt,
verarbeitet oder nutzt, können Sie in Ihrem Browsereinstellungen JavaScript
deaktivieren. In diesem Fall können Sie unsere Webseite jedoch nicht oder nur
eingeschränkt nutzen.</p>



<p><strong>Bereitstellung vorgeschrieben oder erforderlich:</strong></p>



<p>Die
Bereitstellung Ihrer personenbezogenen Daten erfolgt freiwillig, allein auf
Basis Ihrer Einwilligung. Sofern Sie den Zugriff unterbinden, kann es hierdurch
zu Funktionseinschränkungen auf der Website kommen.</p>



<p><strong>SSL-Verschlüsselung</strong></p>



<p>Um die
Sicherheit Ihrer Daten bei der Übertragung zu schützen, verwenden wir dem
aktuellen Stand der Technik entsprechende Verschlüsselungsverfahren (z. B. SSL)
über HTTPS.</p>



<p><strong>Änderung unserer Datenschutzbestimmungen</strong></p>



<p>Wir behalten
uns vor, diese Datenschutzerklärung anzupassen, damit sie stets den aktuellen
rechtlichen Anforderungen entspricht oder um Änderungen unserer Leistungen in
der Datenschutzerklärung umzusetzen, z.B. bei der Einführung neuer Services.
Für Ihren erneuten Besuch gilt dann die neue Datenschutzerklärung.</p>



<p><strong>Fragen an den Datenschutzbeauftragten</strong></p>



<p>Wenn Sie
Fragen zum Datenschutz haben, schreiben Sie uns bitte eine E-Mail oder wenden
Sie sich direkt an die für den Datenschutz verantwortliche Person in unserer
Organisation:</p>



<p>Georg F.
Rayczyk</p>



<p><em>Die
Datenschutzerklärung wurde mithilfe der activeMind AG erstellt, den Experten
für </em><a href="https://www.activemind.de/datenschutz/datenschutzhinweis-generator/" target="_blank" rel="noreferrer noopener"><em>externe
Datenschutzbeauftragte</em></a><em> (Version #2019-04-10).</em></p>

<p>Datenschutzerklärung Verantwortlicher im Sinne der Datenschutzgesetze, insbesondere der EU-Datenschutzgrundverordnung (DSGVO), ist: Georg F. Rayczyk Ihre Betroffenenrechte Unter den angegebenen Kontaktdaten unseres Datenschutzbeauftragten können Sie jederzeit folgende Rechte ausüben: Auskunft über Ihre bei uns gespeicherten Daten und deren Verarbeitung (Art. 15 DSGVO), Berichtigung unrichtiger personenbezogener Daten (Art. 16 DSGVO), Löschung Ihrer bei uns gespeicherten Daten (Art. [&hellip;]</p>
